s the greatest common factor of a and 18?
9
Let n = -7 - -4. Let l be (-51)/n - (-4 + 3). What is the highest common divisor of l and 6?
6
Suppose -2*o - 4 - 14 = 0. Let w be 60/16*(-48)/o. Calculate the highest common divisor of w and 60.
20
Let g = -6 - 82. Let i(v) = -2*v**3 - 5*v**2 - 6*v - 3. Let s be i(-5). Let p = g + s. What is the highest common factor of p and 8?
8
Let b = -2 + 82. Calculate the greatest common factor of b and 16.
16
Suppose 2*x - 80 = -2*t - 22, 0 = 3*x - t - 107. Calculate the greatest common divisor of 17 and x.
17
Let b = 129 + -111. Calculate the highest common factor of b and 6.
6
Suppose 0 = -5*p + 47 + 48. Suppose -1180 = -b - 3*b - a, 4*a = 3*b - 885. Let x = b - 86. Calculate the greatest common factor of x and p.
19
Suppose d - 18 = -3*s, -4*d + 5*d + s - 10 = 0. Let m = 8 - 2. Calculate the greatest common divisor of d and m.
6
Suppose -3 = -g - 2*b, g + 4 = -3*b + 6. Suppose -2*r + 115 = y, g*y - 3*r = -6*r + 582. What is the greatest common factor of y and 13?
13
Let n(r) = r**3 - 10*r**2 + r + 7. Let c be n(10). What is the highest common divisor of c and 136?
17
Let d = 25 + -15. Suppose 0 = -o - 0*o - 171. Let y = o - -281. Calculate the highest common factor of d and y.
10
Let k be (-3 - (-33)/9)*3. Let j be (k + (-4 - -3))*2. Let s(z) = -3*z - 5. Let c be s(-5). What is the highest common divisor of j and c?
2
Suppose 2*s = -i + 528, 3*i - 471 = -4*s + 581. What is the highest common factor of s and 14?
14
Let c = 8 + -6. Let p = c - 0. Suppose 3*y - 7*y = 2*b + 14, -4*y = -p*b + 18. Calculate the greatest common divisor of b and 3.
1
Let l = 74 - 50. Let z = -12 + l. Calculate the greatest common divisor of z and 8.
4
Let b be (-1)/3 - 116/(-6). Let d = b + 17. Let c(a) = a + 4. Let o be c(8). Calculate the highest common divisor of d and o.
12
Let k be 18*(454/42 + 2/(-14)). Calculate the greatest common factor of k and 24.
24
Let o be 1 - (1 + 2 - 18). What is the greatest common factor of o and 8?
8
Let s be -5*1*72/15. Let c be (27/(-4))/(2/(-16)). Let y = s + c. What is the highest common divisor of y and 12?
6
Suppose 5*q - 2*q = h - 13, -17 = -3*h - 2*q. Let n(x) = -x + 35. Let u be n(7). What is the greatest common factor of h and u?
7
Suppose n + n = 4*m - 160, -4*m - 5*n + 146 = 0. What is the greatest common factor of m and 26?
13
Let k be -1 - -1 - -3*2. Let b be (k/(-10))/((-7)/105). Let y(c) = c**3 - 9*c**2 + c - 1. Let l be y(b). What is the greatest common divisor of 8 and l?
8
Let f be (6/4)/(12/16). Let u = 11 + 3. Calculate the greatest common divisor of u and f.
2
Suppose 0 = -4*p + 11 + 9. Calculate the highest common factor of 25 and p.
5
Suppose 0*d - 12 = -2*d. Suppose d = 7*a - 5*a. Calculate the greatest common divisor of 12 and a.
3
Let w be 1 + (-3 - -1) + 4. Suppose 26 = w*m - 10. Suppose -5*h + 5*x = -460, h - 3*x - 84 = -0*h. What is the greatest common factor of h and m?
12
Let f(k) = 6*k + 1. Let u be f(5). Calculate the greatest common factor of u and 31.
31
Let g(b) = 5*b - 12. Let x be g(4). What is the highest common divisor of x and 8?
8
Let h = 91 + -54. Suppose 3*u - h - 8 = 0. Calculate the highest common factor of 105 and u.
15
Suppose -4*d = 7 - 27. Let b be (8/(-6))/((-1)/(-3)). Let j be -2*b/d*10. Calculate the highest common divisor of 24 and j.
8
Suppose 0 = -2*l + 4*b + 402, 5*b - 430 = -2*l + 2*b. What is the highest common factor of 11 and l?
11
Let o(f) = -f + 23. Let h be o(12). Let w = -11 - -16. Suppose -m - m + 102 = 4*x, 65 = m - w*x. What is the highest common divisor of h and m?
11
Let q(x) be the first derivative of 15*x**2/2 + 1. Let w be q(1). Let d be ((75/1)/(-1))/(-1). What is the highest common factor of d and w?
15
Suppose 0 = -8*d + 4*d + 40. Let o(c) = -c - 3. Let i be o(0). Let p(h) = 8*h**2 - 2*h + 2. Let q be p(i). Calculate the greatest common divisor of q and d.
10
Let n = 63 + -35. Calculate the highest common divisor of n and 112.
28
Let z(y) = y + 3. Let o be z(-3). Suppose q = -o*q + 8. Suppose 4*x = 8, -2*n + x = -3*x + 4. What is the highest common divisor of q and n?
2
Suppose r + 3*r = 4*y - 48, -2*y + r + 28 = 0. Calculate the greatest common divisor of y and 16.
16
Let u = 6 - 4. Suppose -u = -2*g + 2. What is the greatest common divisor of g and 2?
2
Let j(f) = 3*f**2 + 4*f - 13. Let v be j(-5). Calculate the greatest common divisor of 336 and v.
42
Suppose 0 = -5*h - 4*m + 1240, 631 - 1871 = -5*h + m. Calculate the greatest common divisor of 31 and h.
31
Suppose -3*r - 2*r + 25 = 0. Let k(x) = -x**3 + 6*x**2 - 4*x + 2. Let v be k(r). Let q be (-1 - -3) + v - -1. What is the greatest common factor of 90 and q?
10
Let k(c) = -c**2 + 7*c + 7. Let z = 6 - 0. Let r be k(z). Let h = 50 + 67. Calculate the highest common divisor of r and h.
13
Let r(j) = -j**3 - 12*j**2 - 2*j - 4. Let g be r(-12). What is the greatest common factor of 10 and g?
10
Let u(j) = j**2 - j - 12. Let y be u(5). Let o be 12/9*180/y. Suppose 6 = 2*a, 0 = 5*v - 5*a - 22 - 23. What is the highest common factor of v and o?
6
Suppose -3*r + 43 - 136 = -5*d, -5*r - 95 = -5*d. What is the greatest common factor of 90 and d?
18
Let h be 3/6*-2*10. Let u be h/4*(-12)/10. What is the greatest common divisor of u and 12?
3
Let p be 1 + 0 - (-1 + 0). Let y = 170 - 90. Suppose y = 3*o + p*o. What is the greatest common divisor of 16 and o?
16
Suppose 0*n - 285 = -3*n - 3*w, -5*n - 3*w = -467. What is the greatest common divisor of 13 and n?
13
Suppose 16 + 57 = 2*w + 3*y, -5*w = -2*y - 230. Calculate the highest common divisor of w and 22.
22
Let z(h) = h**3 + h + 15. Let q be z(0). Suppose 6*y + 363 = 3*y. Let m be 1*1/(-1) - y. Calculate the greatest common divisor of q and m.
15
Suppose 108 - 393 = -3*m. Suppose 38*g - 43*g + v + 191 = 0, -2*g + 78 = -2*v. Calculate the greatest common factor of g and m.
19
Suppose 0*d + 3*m + 225 = 5*d, -23 = -d + 5*m. What is the greatest common factor of d and 6?
6
Let k(h) = -4*h**3 - 7*h**2 + 9*h + 3. Let m be k(-6). What is the highest common factor of m and 51?
51
Suppose 0 = -4*p - 4*r + 3112, 3*r + 141 = 4*p - 3006. Suppose -617 = -5*x + p. Calculate the highest common divisor of 28 and x.
28
Let t be ((-27)/36)/((-2)/40). What is the greatest common divisor of t and 5?
5
Suppose -5*j - 408 = -3*i, -3*j = -3*i - i + 555. Let k = i + -87. Suppose 0 = n - 2*n + 6. Calculate the highest common divisor of k and n.
6
Let f = -45 - -22. Let b = f - -53. Let j be 2/8 - b/(-8). What is the greatest common factor of 4 and j?
4
Let o(t) = 8*t**2 - t. Let c be o(1). Suppose -2*b + g + 0*g = -138, -b + 5*g + 60 = 0. What is the highest common factor of c and b?
7
Suppose 4*d + 35 = 8*d - 5*m, 35 = 3*d + 5*m. Let o(c) = -c + 11. Let y be o(d). Calculate the greatest common factor of 7 and y.
1
Let i be ((-12)/(-30))/((-2)/(-10)). Let t be i + 1 + 0 - 1. Let d be ((-1 - -12)*2)/1. What is the highest common factor of d and t?
2
Let m(u) = -u**3 + 7*u**2 - 7*u + 7. Let h = 11 - 5. Let r be m(h). Calculate the greatest common factor of r and 1.
1
Suppose -4*u + 6*u = 36. Let x = 32 - u. Calculate the highest common divisor of 112 and x.
14
Let i = 15 - 13. What is the greatest common divisor of i and 8?
2
Let u(b) = b**2 - 8*b - 7. Let r be u(9). Suppose -4*p - 5*o = -r*p - 103, 2*o = 6. Let t = -24 + 35. What is the greatest common divisor of t and p?
11
Let c(q) be the first derivative of -4*q**2 - 2*q - 1. Let v be c(-2). Calculate the greatest common divisor of 35 and v.
7
Let n be ((-57)/9 - -6)/(2/(-282)). What is the highest common factor of 47 and n?
47
Let z be (0 + 1)*(-5 - -5). Suppose m - 101 + 26 = z. Let y be 4/6 - (-43)/3. Calculate the highest common factor of y and m.
15
Let n be ((-1)/4 - 1)*-12. Suppose -2*s - 4*l + 15 = -11, -2*s + 5*l = 19. What is the highest common factor of n and s?
3
Suppose 7*m - 1035 = 141. What is the highest common factor of 21 and m?
21
Let p = 22 + 10. What is the highest common divisor of p and 96?
32
Let s be (-5 + 71)/(2/1). Let a be 9*s*(-6)/(-27). Suppose -3*g = -8*g + 110. Calculate the highest common factor of a and g.
22
Let r be (-27)/(-2)*4 + 0. What is the highest common factor of r and 6?
6
Let u(n) = 2*n**2 + 3*n - 20. Let s be u(-5). Let m(h) = -4*h - 3. Let b be